 7, 433
List the prime factors of 2200338.
2, 3, 7, 5821
What are the prime factors of 1139715?
3, 5, 19, 31, 43
List the prime factors of 1663989.
3, 554663
What are the prime factors of 234278?
2, 11, 23, 463
What are the prime factors of 2204704?
2, 68897
List the prime factors of 176402.
2, 193, 457
What are the prime factors of 268505?
5, 83, 647
What are the prime factors of 135716?
2, 7, 37, 131
What are the prime factors of 1064874?
2, 3, 19, 9341
List the prime factors of 434739.
3, 19, 29, 263
List the prime factors of 7012107.
3, 31, 41, 613
List the prime factors of 2730537.
3, 23, 4397
What are the prime factors of 3169432?
2, 7, 56597
What are the prime factors of 6769491?
3, 19, 113, 1051
What are the prime factors of 39710?
2, 5, 11, 19
What are the prime factors of 379317?
3, 227, 557
List the prime factors of 8795397.
3, 13, 225523
List the prime factors of 247235.
5, 197, 251
What are the prime factors of 57093?
3, 19031
List the prime factors of 700812.
2, 3, 7, 103
List the prime factors of 656226.
2, 3, 36457
What are the prime factors of 972204?
2, 3, 81017
What are the prime factors of 9370438?
2, 7, 11, 71, 857
List the prime factors of 171805.
5, 34361
List the prime factors of 89527.
89527
What are the prime factors of 1260141?
3, 420047
List the prime factors of 527709.
3, 7, 13, 1933
List the prime factors of 28513868.
2, 7128467
What are the prime factors of 5379360?
2, 3, 5, 7, 1601
List the prime factors of 1845486.
2, 3, 17, 37, 163
What are the prime factors of 842414?
2, 421207
List the prime factors of 22742893.
313, 72661
What are the prime factors of 339557?
339557
List the prime factors of 10108093.
10108093
List the prime factors of 3498310.
2, 5, 349831
What are the prime factors of 1034?
2, 11, 47
List the prime factors of 5242746.
2, 3, 19, 45989
List the prime factors of 314970.
2, 3, 5, 10499
What are the prime factors of 3199738?
2, 1599869
What are the prime factors of 1827578?
2, 37, 24697
List the prime factors of 5580708.
2, 3, 7, 9491
List the prime factors of 17988.
2, 3, 1499
What are the prime factors of 594828?
2, 3, 13, 31, 41
List the prime factors of 184946.
2, 19, 31, 157
List the prime factors of 197484.
2, 3, 7, 2351
List the prime factors of 863053.
43, 20071
List the prime factors of 33745560.
2, 3, 5, 29, 9697
List the prime factors of 19976557.
19976557
List the prime factors of 89441.
11, 47, 173
What are the prime factors of 22563149?
7, 47, 68581
List the prime factors of 19200.
2, 3, 5
What are the prime factors of 189422?
2, 53, 1787
List the prime factors of 593189.
421, 1409
What are the prime factors of 120719?
61, 1979
List the prime factors of 457665.
3, 5, 13, 2347
List the prime factors of 66773.
7, 9539
What are the prime factors of 6652970?
2, 5, 37, 17981
What are the prime factors of 6838371?
3, 253273
What are the prime factors of 376948?
2, 11, 13, 659
List the prime factors of 600133.
73, 8221
List the prime factors of 19030166.
2, 43, 221281
What are the prime factors of 5087299?
7, 223, 3259
List the prime factors of 124830.
2, 3, 5, 19, 73
What are the prime factors of 1675263?
3, 558421
What are the prime factors of 6006075?
3, 5, 73, 1097
List the prime factors of 6441264.
2, 3, 41, 1091
What are the prime factors of 2067874?
2, 29, 101, 353
List the prime factors of 3093875.
5, 53, 467
What are the prime factors of 910123?
449, 2027
What are the prime factors of 4372318?
2, 19, 115061
What are the prime factors of 136209?
3, 45403
List the prime factors of 5794499.
739, 7841
List the prime factors of 507385.
5, 101477
What are the prime factors of 6005000?
2, 5, 1201
List the prime factors of 9781911.
3, 362293
List the prime factors of 2670805.
5, 31, 17231
What are the prime factors of 35651?
7, 11, 463
What are the prime factors of 6235965?
3, 5, 138577
List the prime factors of 6744446.
2, 1117, 3019
What are the prime factors of 1601850?
2, 3, 5, 59, 181
What are the prime factors of 1102032?
2, 3, 2551
List the prime factors of 3337972.
2, 11, 107, 709
What are the prime factors of 2537276?
2, 7, 90617
List the prime factors of 1305107.
17, 76771
List the prime factors of 31967.
13, 2459
List the prime factors of 19848261.
3, 6616087
What are the prime factors of 6989901?
3, 2329967
List the prime factors of 194616.
2, 3, 17, 53
List the prime factors of 2638304.
2, 29, 2843
What are the prime factors of 1682065?
5, 7, 11, 17, 257
List the prime factors of 1425519.
3, 17599
List the prime factors of 767287.
767287
List the prime factors of 464457.
3, 7, 17, 1301
What are the prime factors of 688635?
3, 5, 5101
List the prime factors of 6252208.
2, 390763
List the prime factors of 2467276.
2, 7, 88117
List the prime factors of 4924076.
2, 433, 2843
List the prime factors of 5063915.
5, 61, 16603
List the prime factors of 307896.
2, 3, 12829
What are the prime factors of 368394?
2, 3, 13, 4723
List the prime factors of 39593.
17, 137
What are the prime factors of 82670?
2, 5, 7, 1181
What are the prime factors of 3770107?
11, 17, 20161
List the prime factors of 3930894.
2, 3, 11, 19853
What are the prime factors of 1027371?
3, 31, 11047
List the prime factors of 10608327.
3, 19, 61, 113
What are the prime factors of 1841557?
1841557
List the prime factors of 14867437.
13, 87973
What are the prime factors of 39401?
31, 41
What are the prime factors of 162323?
7, 23189
What are the prime factors of 690583?
690583
What are the prime factors of 1805175?
3, 5, 71, 113
List the prime factors of 341126.
2, 19, 47, 191
List the prime factors of 574351.
19, 37, 43
What are the prime factors of 1530737?
13, 73, 1613
What are the prime factors of 232939?
7, 107, 311
List the prime factors of 2999755.
5, 11, 54541
What are the prime factors of 64254?
2, 3, 10709
What are the prime factors of 8310?
2, 3, 5, 277
What are the prime factors of 2964423?
3, 7, 11, 41, 313
What are the prime factors of 1066176?
2, 3, 617
List the prime factors of 438618.
2, 3, 41, 1783
What are the prime factors of 1761661?
11, 19, 8429
What are the prime factors of 4592871?
3, 510319
What are the prime factors of 13225394?
2, 7, 13, 1483
List the prime factors of 393520.
2, 5, 4919
What are the prime factors of 1917209?
7, 17, 16111
List the prime factors of 4352187.
3, 7, 17, 73, 167
List the prime factors of 5627662.
2, 331, 8501
List the prime factors of 19693502.
2, 73, 134887
List the prime factors of 6129617.
13, 471509
List the prime factors of 4670195.
5, 934039
List the prime factors of 3552881.
17, 208993
What are the prime factors of 22211889?
3, 7, 157, 6737
List the prime factors of 129170.
2, 5, 12917
What are the prime factors of 40154491?
13, 3088807
What are the prime factors of 12760399?
12760399
What are the prime factors of 758898?
2, 3, 7, 19, 317
List the prime factors of 7250266.
2, 3625133
What are the prime factors of 3627104?
2, 13, 8719
List the prime factors of 592793.
592793
What are the prime factors of 6467809?
19, 31, 79, 139
What are the prime factors of 8219215?
5, 1643843
List the prime factors of 13802468.
2, 997, 3461
What are the prime factors of 378566?
2, 29, 61, 107
List the prime factors of 16871094.
2, 3, 227, 4129
List the prime factors of 1222208.
2, 13, 113
List the prime factors of 132835.
5, 31, 857
What are the prime factors of 282192?
2, 3, 5879
List the prime factors of 38982165.
3, 5, 2598811
List the prime factors of 1186851.
3, 101, 3917
List the prime factors of 569046.
2, 3, 94841
What are the prime factors of 670132?
2, 29, 53, 109
What are the prime factors of 209976?
2, 3, 13, 673
What are the prime factors of 6126662?
2, 313, 9787
List the prime factors of 846840.
2, 3, 5, 7057
What are the prime factors of 10478837?
31, 338027
List the prime factors of 15241082.
2, 7620541
What are the prime factors of 438204?
2, 3, 13, 53
What are the prime factors of 158886?
2, 3, 7, 13, 97
List the prime factors of 195273.
3, 13, 1669
What are the prime factors of 142348?
2, 19, 1873
List the prime factors of 652784.
2, 11, 3709
What are the prime factors of 1754542?
2, 59, 14869
List the prime factors of 1819223.
7, 137, 271
List the prime factors of 40547274.
2, 3, 1087, 6217
List the prime factors of 4306231.
4306231
What are the p